the remainder when r is divided by 17?
12
Let y = 1124 + -635. Calculate the remainder when y is divided by 41.
38
Suppose -41 = -u + 2*c, -c - 124 - 19 = -4*u. Suppose 3*d = 8*d - 15. Suppose d*l = -l + 48. Calculate the remainder when u is divided by l.
11
Let n = -24 + 47. Let o = 0 - -6. What is the remainder when n is divided by o?
5
Let i = -337 - -379. What is the remainder when 83 is divided by i?
41
Suppose 56 = -2*j + 3*j. Let r be 1/((-1)/7 - 0). Let l(q) = -q**2 - 11*q - 9. What is the remainder when j is divided by l(r)?
18
Calculate the remainder when 360 is divided by (8 + -7 - 8) + 40.
30
Suppose 0 = -4*z + 5*q + 115 + 5, q + 120 = 4*z. Calculate the remainder when 74 is divided by z.
14
Suppose -25*u = -12*u - 1339. Calculate the remainder when u is divided by 65.
38
Let u = 44 + -31. Let h(q) = 28*q - 5 - 9*q - 7. Calculate the remainder when h(4) is divided by u.
12
Let z(a) = 29*a - 142. What is the remainder when z(6) is divided by (14/(-6))/((-2)/6)?
4
Let b be (-4)/6 + (-64)/3. Calculate the remainder when (-3414)/(-22) + (-2)/b*-2 is divided by 39.
38
Let g(i) = 52*i + 27. What is the remainder when g(2) is divided by 34?
29
Suppose -v + 5*w + 8 = -18, 0 = -5*v - 4*w + 14. Let c = -5 + 8. Suppose c*s = 5*s + 4*n + 4, 5*n = -15. Calculate the remainder when v is divided by s.
2
Suppose 2*w = 4*y - 0*y - 96, -4*y = -3*w - 98. Suppose -14*u - 5*u = -76. Calculate the remainder when y is divided by u.
3
Let o = 10 - 6. Suppose c = -2*z + 24, 5*c + 12 = o*z - 2*z. Calculate the remainder when z is divided by (1 - (-10)/(-4))*-4.
5
Let b(d) = -176*d. Let t be b(-1). Suppose 84 = 2*a - v, 2*v - 4*v = 4*a - t. What is the remainder when a is divided by 15?
13
Let r(y) = -2*y - 42 - y + 48. What is the remainder when r(-7) is divided by 18?
9
Let h = 941 + -884. What is the remainder when h is divided by 3?
0
Suppose -4*v = 4*d - 12, -v + d + 11 = -0*d. Suppose 0 = -s - z + 5, s - 5*s = 3*z - 22. Suppose 6*b + v = s*b. What is the remainder when 13 is divided by b?
6
Let u(f) = 2*f**2 - 3*f - 1. Let i(d) be the third derivative of d**4/24 + 3*d**3/2 + 12*d**2. What is the remainder when u(3) is divided by i(-3)?
2
Suppose 4*o + 1 = 5*p - 12, -5*p = -5*o - 10. Suppose -p*l + 171 = 16. What is the remainder when l is divided by 17?
14
Let h be -1*((-2)/(-2) - 6). Let y = 229 + -225. Suppose j - y*b - 65 = -6*b, -h*j - b + 298 = 0. Calculate the remainder when j is divided by 20.
19
Suppose 6 = 4*o - 14. Suppose -5*q - 3*p + 8 = -109, 2*q = 2*p + 34. Calculate the remainder when (o/10)/(1/166) is divided by q.
20
Let h = 254 + -69. Calculate the remainder when h is divided by 21.
17
Suppose 0 = 4*t + 2*q - 18, -2*t + 2 + 3 = -3*q. Suppose -t*a + 70 = 18. Let c = 46 - 24. What is the remainder when c is divided by a?
9
Let i = -36 - -35. Calculate the remainder when (-317)/(-9) - i*8/(-36) is divided by 12.
11
Calculate the remainder when 467 is divided by (0 - 1)/(2/(-56)*4).
5
Let d(v) = 3*v**3 - 3*v**2 + v - 1. Let g be d(3). Suppose 3*i = g + 256. What is the remainder when i is divided by 21?
20
Suppose -58 = -8*l + 6. Let u(s) = s**2 - 4*s. Suppose -76 = -3*x - 22. What is the remainder when u(l) is divided by x?
14
Suppose -2*z = -z - 2. Let x = 133 + -8. What is the remainder when x is divided by (6/z - 2) + 31?
29
Let u(w) = -w**2 - 21*w - 34. Let b be u(-17). Suppose -b*l = -38*l + 72. What is the remainder when 30 is divided by l?
12
Let n be 7 + ((-2)/(-5))/((-6)/30). What is the remainder when (-240)/(-7 + n) - -4 is divided by 32?
28
Let d(v) = -v**2 - 8*v - 23 + 3*v + 2*v**2 - 10*v. What is the remainder when d(17) is divided by 3?
2
Let t(r) = -4*r - 26. Let k be t(-17). Suppose -2*p + k = 38. What is the remainder when 16 is divided by p?
0
Let v = 633 - 570. What is the remainder when 256 is divided by v?
4
Let i = -24 + 28. Suppose i*d - 75 = -3. Calculate the remainder when 86 is divided by d.
14
Let b = -1679 - -1751. What is the remainder when 191 is divided by b?
47
Let h = -61 + 65. What is the remainder when 15 is divided by h?
3
Let p = -6 + 0. Let z(y) = -1 + 4*y + 26*y**2 - y**3 - 30*y**2 + 2. Calculate the remainder when z(p) is divided by 17.
15
Suppose 0 = 5*b - 12 + 7. Let s be (14 - 15) + -7 + b. Calculate the remainder when 38 is divided by (-137)/s + 9/21.
18
Let z(u) = 37*u**2 - 12*u - 5. What is the remainder when z(-1) is divided by 32?
12
Let d = 228 - 123. Suppose d = 6*r - 3. Calculate the remainder when 32 is divided by 220/r + 6/(-27).
8
Let d(j) = j**2 + 36*j - 47. Suppose 0*a - a + 152 = 4*u, -2*a = -u + 38. What is the remainder when d(-40) is divided by u?
37
Let q(y) = y**2 + 10*y + 15. Let j be q(-6). Calculate the remainder when 60 is divided by 6/(-2) + (j - -33).
18
Suppose 0 = 8*p - 1042 + 130. What is the remainder when p is divided by 39?
36
Let b = 109 + -98. What is the remainder when 108 is divided by b?
9
Let a(b) = -b - 17. Let d be a(-12). Let p(k) = -7*k + 6. Let t(i) = i - 1. Let q(y) = d*t(y) - p(y). What is the remainder when q(12) is divided by 13?
10
Suppose -19*k + 8*k = -671. What is the remainder when 424 is divided by k?
58
Suppose -5*q - 462 - 233 = 0. Let u = 217 + q. Suppose 5*t + t = u. What is the remainder when 50 is divided by t?
11
Suppose 22*v - 49 = 21*v. What is the remainder when 252 is divided by v?
7
Let p = -336 + 613. What is the remainder when p is divided by 93?
91
Suppose 37 - 141 = -3*p + 4*y, -4*y = -2*p + 76. What is the remainder when 135 is divided by p?
23
Let m = 839 + -492. What is the remainder when m is divided by 119?
109
Suppose -36*n = -41*n + 75. Calculate the remainder when 43 is divided by n.
13
Let o(z) = z**2 - 12*z + 12. Let w be o(8). Let q = -3 - w. Let f = 116 + -83. What is the remainder when f is divided by q?
16
Suppose -5*v = -3*k - 187 - 704, -2*v + k + 356 = 0. What is the remainder when v is divided by 28?
9
Let c(f) = 7*f + 6. Suppose 5*v - 4 - 7 = a, 6 = 3*a - 2*v. What is the remainder when c(a) is divided by 12?
10
Let n(x) = 12*x**3 + 10*x**2 + 4*x. What is the remainder when n(5) is divided by 77?
76
Let u(v) = -v**3 - 43*v**2 - 79*v + 165. Calculate the remainder when 370 is divided by u(-41).
34
Suppose 3*c - 7*c + 34 = -v, 41 = 5*c - 2*v. Let y = -304 + 335. Calculate the remainder when y is divided by c.
4
Let f = -4 - -8. Suppose f = -y + 7. Suppose 43 = 3*j - u - 296, 5*j - y*u = 569. Calculate the remainder when j is divided by 23.
20
Suppose -l = -0*l + l. Suppose l = 3*j - 29 - 16. Calculate the remainder when 26 is divided by j.
11
Let z = -38 - -47. Suppose -7*q + 4*q + z = 0, -a - 4*q + 14 = 0. Calculate the remainder when 8 is divided by a.
0
Let j = -38 - 0. Let a = 45 + j. What is the remainder when 10 is divided by a?
3
Let c(q) = 2*q + 5. Let s be c(0). Let i = 3 + 39. What is the remainder when i is divided by (-10)/(-1) + (6 - s)?
9
Suppose v + 4*o + 10 = 0, -3*v + 4*v - 3*o - 25 = 0. Let c(w) = 2*w**2 + 2*w - 12. What is the remainder when c(-5) is divided by v?
8
Let d = -15 - -16. Suppose -11 + d = -2*j. Calculate the remainder when j is divided by 4.
1
Suppose -4*g - 188 = -2*j - 0, 189 = 2*j - 5*g. Suppose 5*o - 203 - j = 0. Suppose -15 - 33 = -4*s. Calculate the remainder when o is divided by s.
11
Let v(y) = 39*y + 61*y + 12 - 14. Let i be v(2). What is the remainder when 6/8 - i/(-24) is divided by 4?
1
Let s(v) be the second derivative of v**5/20 - v**4 + 5*v**3/2 - 11*v**2/2 + 5*v. What is the remainder when 131 is divided by s(11)?
32
Suppose -5*f + 2*z = -85, f = z + 12 + 2. Let p = 28 - 17. Calculate the remainder when f is divided by p.
8
Let f(m) = -2 - 4 + 14*m + 1 - 6. Let b(g) = 5*g - 4. Let r(l) = 11*b(l) - 4*f(l). Calculate the remainder when 11 is divided by r(-3).
2
Suppose 0*p = 4*p - 8. Let d = -4217 + 4222. Calculate the remainder when d is divided by p.
1
Suppose 0 = -0*z - 3*z + 96. Suppose 124 - z = 4*j. Suppose 0*a - j = -s + 5*a, -5*s + 2*a + 115 = 0. What is the remainder when s is divided by 6?
5
Let s(l) = -2*l - 6. Let g be 49/7 - (-8)/(-2). Let c(q) = q + 7. Let p(u) = g*c(u) + 2*s(u). Calculate the remainder when 2 is divided by p(7).
0
Suppose 638 = -4*t + 6*t. What is the remainder when t is divided by 46?
43
Let w = -8 + 12. Let l be (-1 - -3)/(w +